985?
55
What is the greatest common divisor of 1264089 and 993?
993
Calculate the highest common divisor of 1030023 and 27.
27
Calculate the greatest common divisor of 1757990 and 13.
13
What is the highest common factor of 38 and 304?
38
Calculate the greatest common factor of 287823 and 37.
37
What is the greatest common factor of 45 and 38295?
45
Calculate the highest common factor of 3003038 and 178.
178
What is the highest common factor of 41085 and 198?
99
What is the highest common divisor of 230887 and 746?
373
What is the greatest common factor of 170 and 1008474?
34
What is the highest common divisor of 300 and 21075?
75
Calculate the greatest common divisor of 429 and 438009.
429
Calculate the highest common factor of 36278 and 16830.
374
What is the highest common divisor of 174120 and 3240?
120
Calculate the greatest common factor of 17 and 625158.
17
Calculate the greatest common divisor of 6877590 and 30.
30
Calculate the highest common factor of 71050 and 24070.
290
Calculate the greatest common factor of 19 and 273087.
19
Calculate the highest common factor of 1012 and 1364.
44
What is the highest common factor of 60 and 51860?
20
What is the highest common factor of 125039 and 57?
19
What is the highest common factor of 895 and 180?
5
What is the highest common factor of 128 and 61216?
32
Calculate the greatest common divisor of 363 and 702042.
363
What is the highest common divisor of 1430067 and 11382?
813
Calculate the highest common factor of 37 and 3852551.
37
Calculate the highest common divisor of 518562 and 5103.
243
What is the highest common divisor of 16 and 404024?
8
Calculate the greatest common factor of 153 and 162792.
153
What is the greatest common factor of 37259 and 2109?
703
Calculate the greatest common divisor of 135 and 5985495.
135
Calculate the greatest common divisor of 442 and 369512.
442
What is the greatest common divisor of 469992 and 24?
24
Calculate the greatest common divisor of 53 and 2817533.
53
Calculate the greatest common factor of 2038968 and 48.
24
What is the greatest common divisor of 19360 and 32428?
484
Calculate the greatest common divisor of 5749299 and 81.
81
What is the greatest common divisor of 122096 and 64?
16
Calculate the highest common divisor of 5415 and 12645.
15
What is the highest common divisor of 1029 and 8379?
147
Calculate the highest common factor of 432 and 4296.
24
Calculate the highest common factor of 61980 and 3180.
60
Calculate the greatest common factor of 445431 and 21.
21
Calculate the highest common divisor of 27 and 252864.
9
Calculate the highest common factor of 555 and 3495.
15
Calculate the greatest common factor of 1640160 and 360.
360
What is the highest common divisor of 18673949 and 343?
343
Calculate the greatest common factor of 16986 and 684.
114
What is the greatest common divisor of 45636 and 24?
12
What is the highest common divisor of 1079015 and 35?
35
Calculate the greatest common divisor of 15047 and 117440.
367
What is the greatest common divisor of 18654 and 2484?
6
Calculate the highest common divisor of 1145 and 408536.
229
Calculate the highest common divisor of 27 and 22473.
9
What is the greatest common divisor of 136 and 383384?
136
Calculate the highest common factor of 5275266 and 2364.
1182
What is the greatest common divisor of 4774 and 14539?
217
Calculate the greatest common divisor of 630 and 17724.
42
What is the greatest common factor of 9970 and 30?
10
What is the highest common divisor of 58344 and 3621?
51
What is the greatest common factor of 38832 and 6864?
48
Calculate the greatest common divisor of 30 and 310.
10
What is the highest common divisor of 2416 and 53454?
302
Calculate the greatest common divisor of 68388 and 27939.
417
What is the highest common factor of 2475242 and 154?
154
Calculate the highest common divisor of 101 and 9182011.
101
Calculate the highest common divisor of 44 and 144793.
11
Calculate the highest common divisor of 846 and 3898932.
282
What is the highest common factor of 875 and 69500?
125
Calculate the highest common factor of 1526047 and 4279.
389
What is the highest common divisor of 544 and 235773?
17
Calculate the greatest common divisor of 322 and 679.
7
What is the highest common divisor of 125 and 220975?
25
Calculate the greatest common factor of 664 and 3652.
332
Calculate the highest common factor of 170 and 4828.
34
Calculate the highest common divisor of 12625 and 707.
101
What is the greatest common factor of 1309 and 9911?
187
Calculate the highest common factor of 342294 and 356.
178
What is the greatest common divisor of 11388 and 104682?
438
Calculate the greatest common factor of 584 and 81176.
584
What is the highest common factor of 13833 and 1272?
159
Calculate the highest common divisor of 203 and 2538689.
29
Calculate the greatest common divisor of 234 and 24843.
39
What is the highest common divisor of 3478 and 1598?
94
What is the greatest common divisor of 364 and 16156?
28
Calculate the greatest common factor of 31811 and 611.
13
What is the highest common divisor of 2984 and 5?
1
What is the greatest common factor of 1 and 12721?
1
Calculate the greatest common factor of 171 and 646.
19
Calculate the highest common divisor of 300 and 197310.
30
What is the highest common divisor of 4550 and 1128750?
350
Calculate the highest common factor of 416 and 247.
13
What is the highest common divisor of 701852 and 12?
4
What is the greatest common divisor of 29 and 12905638?
29
Calculate the highest common divisor of 966 and 27636.
42
Calculate the greatest common factor of 530 and 12402.
106
What is the highest common factor of 506205 and 315?
315
Calculate the greatest common factor of 36 and 254151.
9
Calculate the highest common divisor of 562541 and 63.
7
What is the greatest common divisor of 55 and 1898105?
55
What is the greatest common factor of 7833 and 63?
21
What is the highest common divisor of 390635 and 70?
35
Calculate the highest common factor of 6 and 24994.
2
What is the highest common divisor of 17220 and 350?
70
What is the highest common factor of 73689 and 203?
203
Calculate the greatest common factor of 1331 and 161689.
11
Calculate the highest common factor of 408 and 604.
4
What is the highest common divisor of 409 and 2078129?
409
Calculate the highest common factor of 5422768 and 372.
124
Calculate the greatest common factor of 6080 and 6270.
190
Calculate the highest common divisor of 70 and 72090.
10
Calculate the highest common divisor of 264 and 8.
8
What is the highest common divisor of 7433 and 1?
1
What is the greatest common factor of 20 and 1013580?
20
What is the highest common factor of 12600 and 2205?
315
Calculate the greatest common divisor of 9 and 383.
1
Calculate the highest common divisor of 1484 and 1661338.
742
Calculate the greatest common factor of 845871 and 4797.
1599
What is the greatest common divisor of 2504346 and 662?
662
What is the greatest common divisor of 10 and 194230?
10
What is the highest common divisor of 15904 and 9869?
71
What is the greatest common divisor of 16926 and 70?
14
Calculate the highest common divisor of 152 and 348916.
76
What is the greatest common factor of 27712 and 2208?
32
What is the highest common factor of 573 and 321?
3
Calculate the highest common divisor of 22 and 4054.
2
Calculate the greatest common factor of 3060 and 7724970.
1530
Calculate the highest common divisor of 3161 and 551.
29
Calculate the greatest common factor of 3094 and 4046.
238
What is the highest common factor of 91536 and 96?
48
What is the highest common factor of 19 and 30742?
19
Calculate the greatest common factor of 22555 and 260.
65
What is the greatest common divisor of 5963 and 804?
67
Calculate the greatest common factor of 610 and 3357440.
610
Calculate the greatest common factor of 221548 and 5710.
1142
Calculate the highest common divisor of 171591 and 161.
7
What is the highest common factor of 24 and 193416?
24
What is the highest common divisor of 44730 and 1050?
210
What is the highest common divisor of 111 and 137307?
111
What is the greatest common divisor of 1831158 and 126?
126
Calculate the greatest common divisor of 7296 and 16680.
24
What is the greatest common factor of 